1, 6 = n*o - 4*q. Determine t(o).
9
Let l(t) = t**2 - 4*t + 4. Let y(a) = -a**2 + 12*a + 16. Let r(s) = -12*s**3 + 1. Let h be r(-1). Let m be y(h). Give l(m).
1
Suppose 2*p - 3 = 1. Let f(c) = 3 - 6*c - p*c**2 - c**2 + 4*c**2 + 0*c**2. Determine f(7).
10
Suppose 2*j + 72 = 2*f, -4*j = f - 3*j - 36. Let r(q) = 20 - 2*q + 3*q + 15 - f. Determine r(1).
0
Let y(a) be the first derivative of a**6/360 - a**5/15 - 5*a**4/12 - a**3/3 + 13. Let t(w) be the third derivative of y(w). Determine t(9).
-1
Suppose 0 = 2*r + 2, 15 = g - 3*r - 0*r. Let k(b) = b - 4. Let h be k(4). Suppose -3*u = -4*i + 4 - h, -2*u = -5*i + g. Let p(m) = m**2 - 6*m + 5. Give p(i).
-3
Let t(r) = r**2 + 7*r + 3. Let c(k) be the first derivative of k**3 + 15*k**2/2 + 7*k + 10. Let d = 7 + -5. Let l(p) = d*c(p) - 5*t(p). What is l(6)?
5
Let h(a) = a + 9. Let g be h(-13). Let w(l) = -3*l - 6. Let r be w(g). Let d(j) = 5 + j**2 - 2*j + 2*j + r*j. Calculate d(-4).
-3
Let u = 202 + -200. Let y(o) be the second derivative of o**6/360 + o**5/120 - o**4/12 + o**3/6 + o. Let l(f) be the second derivative of y(f). Determine l(u).
4
Suppose 244*n = 246*n - 22. Let o(c) = -c**3 + 11*c**2 + 2*c - 9. What is o(n)?
13
Let c(d) be the second derivative of 5/12*d**4 - 7/2*d**2 - 1/6*d**3 + 1/20*d**5 + 0 + 6*d. Calculate c(-5).
-2
Suppose -13 = -4*t + 3. Let r(a) = -20*a + t + 25*a - 6. Give r(-4).
-22
Let c(r) be the third derivative of 5*r**4/12 + r**3/3 - 229*r**2. What is c(-1)?
-8
Let r be ((-48)/20)/(-3) - 62/(-10). Let u(g) = 5*g - 29. Calculate u(r).
6
Let w(x) = -2*x + 230363 - 230363. What is w(2)?
-4
Let s(v) be the first derivative of 4*v**2 - 2*v + 269. Give s(-3).
-26
Suppose -64*g + 69*g - 115 = 0. Suppose -d = -2*j, -5*j + 8 - g = -d. Let w(o) = o**2 + 11*o + 6. Determine w(d).
-4
Let d(v) = 12 + 9 + 4*v + 3 - 30 + 5. Determine d(-9).
-37
Let q(j) = -j**3 - 7*j**2 - j - 3. Suppose -v - 8 = -12. Suppose 3*r = -v*s - 41, -2*r - 5*s - 9 = 30. Calculate q(r).
4
Let d(r) = r**2 + r - 1. Suppose -2*v + 6 = -0*v. Let q(k) = -5 + 10*k**2 + 3*k + k**v - 4 - 1. Let h(t) = -4*d(t) + q(t). Calculate h(-6).
0
Suppose 0 = f - 91 + 89. Suppose -3*u + 14 - 8 = 0. Let r(t) = -3*t - 1 + 2 - 3 + 2*t + t**u. Give r(f).
0
Let p = 159 + -90. Let b = p - 65. Let n(h) = -h**3 + 3*h**2 + 6*h - 5. What is n(b)?
3
Let s be 14/7 - 1*-2. Let o(c) = 5*c**2 - 7*c - 7. Let b(y) = 2*y**2 - 3*y - 3. Let j(a) = s*o(a) - 9*b(a). What is j(3)?
14
Let l(z) = -z**3 - 4*z**2 + z + 1. Suppose 6*y + 41 = 59. Suppose -n - 23 = n + y*j, -4*n - 5*j - 41 = 0. Calculate l(n).
-3
Let h(b) = 327 - 111 + 3*b - 213. Suppose -4*j + 4*l + 21 = -7*j, -2*j = -5*l - 9. Calculate h(j).
-6
Let o = -40 - -35. Let p(w) = w**3 + 5*w**2 - w. Calculate p(o).
5
Suppose l + 0*l = 6. Let f(y) = 6*y**2 + 5*y**2 + 5 - 12*y**2 + 6*y - 3. What is f(l)?
2
Let j be 2 + (6 - 3) - 0. Let w(y) = y**2 - 6*y + 6. Determine w(j).
1
Let m(u) = -3*u - 19*u - 8 + 19*u. What is m(-6)?
10
Let d(x) = -x**2 - 3*x + 1. Let h = -395 - -392. Calculate d(h).
1
Suppose -s - 67 = -u, -5*u + 0*u = -3*s - 195. Let w = -67 - s. Let g(x) = -3 + 2*x**2 + 1 - 2*x + 0*x**2. Determine g(w).
10
Suppose 4*b + 7 - 23 = 0. Let c = b - -3. Let m(z) = -c + 5*z + 2*z - 2*z - 6*z. What is m(0)?
-7
Suppose -3*y - 5*v + 24 = 0, 0*y - 4*y - 5*v = -37. Let q(d) = 478*d - 489*d + 3 + y*d**2 - 13 - d**3. Determine q(12).
2
Suppose 0*v + 44 = -11*v. Let t(p) = -3*p**3 - 5*p**2 - 4*p + 4. Let h(j) = -8*j**3 - 15*j**2 - 12*j + 12. Let n(y) = v*h(y) + 11*t(y). Give n(6).
-16
Let q be (-2)/(-9) + 68/18. Let f(p) = 5*p**2 - 2*p**3 + 6*p**3 - 6*p - p**3 - 4*p**3 + 0*p**3 + 6. Give f(q).
-2
Suppose 28*q + 6 = 30*q. Let l(o) = -2*o**2 + 4. What is l(q)?
-14
Let s(x) = 2*x - 1. Suppose 4*u - 2 = 4*g + 6, 4*g + 4*u = 0. Give s(g).
-3
Let y(f) = 30*f + 19 - 14*f + 16*f**2 + f**3 + 1 + 0*f**3. Calculate y(-15).
5
Let y(l) = 7*l - 1 - 8*l - 1 + 6 - 1. Suppose -5*c - 47 = -0*c + 3*k, 0 = c + 3*k + 19. What is y(c)?
10
Let h(m) = m**3 - 3*m**2 + m + 4. Let y(j) = 169*j - 674. Let r be y(4). Give h(r).
2
Let r(c) = c**2 + c - 16. Let b(y) = -3*y**2 - 5*y - 1. Let n be b(-1). Let f be (3 - 3)/4*n. Calculate r(f).
-16
Let n(a) = -a - 9. Let f be 15/30 + 42/(-4) + -3. Give n(f).
4
Let i(q) = q**3 - 2*q**2 - 2*q - 4. Suppose -d = 103 - 103. Let f(y) = -3*y**3 + y**2 + y. Let v be f(-1). Let m = v - d. Determine i(m).
-1
Let m(w) = 12*w - 76. Let x(n) = 7*n - 41. Let u(z) = 4*m(z) - 7*x(z). What is u(15)?
-32
Let l(y) = 2*y**2 - 5*y + 4. Suppose -4 = -k + 1. Suppose k*r = -d - 22, -d = -0*d - 4*r - 23. Determine l(d).
7
Let s be 9/(-36)*6*(-8)/6. Let r(j) be the first derivative of -1/4*j**4 - 1/2*j**s + 3 + 4*j + 2/3*j**3. Calculate r(3).
-8
Let q(c) = c**3 - c**2 - c - 2. Let m be q(0). Suppose 4*g + 16 - 52 = 0. Let s(b) = 9*b**2 - 2*b - g*b**2 - 3*b**2. Give s(m).
-8
Let r(g) be the first derivative of g**3/3 + 3*g**2/2 - 2*g + 2. Let x be -3 - (-10)/4 - (-15)/(-6). Determine r(x).
-2
Suppose 0 = 3*t - 2*h - 10, 3*t + h + 7 - 2 = 0. Suppose -3*c = -2*r - 7, -r - 3*c + 14 = 4*r. Let p(y) = r + t*y - 2*y + y. What is p(2)?
-1
Let h be ((-1)/(-3))/(52/12 - 4). Let x be h + 0 - (-1 + -2). Let g(l) = 0*l + 4*l + 0*l**3 - 5 - 5*l**2 + l**3. Determine g(x).
-5
Let b(s) be the first derivative of s**4/4 + 8*s**3/3 + 3*s**2 - 9*s - 52. What is b(-7)?
-2
Let s(u) = 20*u**2 + 15*u + 35. Let n(h) be the second derivative of 7*h**4/12 + 5*h**3/6 + 6*h**2 + 33*h. Let r(z) = -17*n(z) + 6*s(z). Calculate r(-5).
6
Suppose 2*r - 4 = -3*d - 1, -3*d = 4*r - 9. Suppose r*v + m = 12, 2*v + 0*v - m - 3 = 0. Let s(i) = 2*i - 3. Determine s(v).
3
Let y(h) = -5 - 28*h - 36*h + 69*h. Give y(6).
25
Suppose -g = 3*g + 4*x - 8, 3*x = 4*g - 15. Let s be 0/3 - (-6)/2. Let j(p) = -1 - 1 + p**2 + 2*p**2 - p**s + 1. What is j(g)?
-1
Suppose 3*t + t - 16 = 0. Suppose 0*g + 2*k = t*g - 18, k = 3*g - 15. Let w(p) be the first derivative of p**3/3 - 7*p**2/2 + p - 137. Give w(g).
-5
Let s be (-1)/(0 - 1) + 0 + -1. Suppose s = 5*i + c - 32, 4 = -4*i - 5*c + 17. Let z(d) = -d. What is z(i)?
-7
Let n(z) = 9 - 9*z + 4*z - z**2 - 7 + 1. Calculate n(-5).
3
Let m(v) = v**3 + 5*v**2 - 2*v - 7. Let d be m(-5). Let t = 165 - 161. Let n(c) = -c + d*c**2 + 2 + 13*c**2 - t*c**2 - 1. What is n(1)?
12
Let d = 601 + -596. Let v = 1 + 1. Let h(k) = -2*k**2 - 7 + 2*k**2 - 5*k + k**v. Give h(d).
-7
Let d(i) = i**2 - 5*i. Let c = 10 - 7. Suppose 10 = c*q - 5. Suppose -q*f = 2*h - 5*h - 42, -3*f - 4*h = -2. What is d(f)?
6
Let r(s) = -6*s - 4. Let c(n) = 11*n + 1. Let k(x) = -10*x - 2. Let o(a) = -3*c(a) - 4*k(a). Let l = -1372 - -1367. Let f(z) = l*o(z) - 6*r(z). Determine f(-5).
-6
Let n(b) = 3*b**3 - 4*b**3 - 5 + 2 + 9*b**2 - 3 - 7*b. Determine n(8).
2
Let j(w) be the second derivative of 3/2*w**2 + 0 + 1/20*w**5 + 1/6*w**3 - 5/12*w**4 + 16*w. Let s(y) = -y + 10. Let d be s(5). What is j(d)?
8
Let q(k) be the third derivative of -5/24*k**4 - 1/12*k**5 - 5/6*k**3 + 0*k + 1/120*k**6 - 9*k**2 + 0. Calculate q(6).
1
Let j(r) = 20 - 513*r**2 - 33 - 11*r + 512*r**2. Calculate j(-7).
15
Suppose -10*w - 42 = -3*w. Let k(j) = -j**2 - 4*j + 5. Determine k(w).
-7
Let b(h) = h**2 + h + 1. Let i(c) be the second derivative of -5*c**4/12 - c**3 - 5*c**2 + 17*c. Let m(y) = 6*b(y) + i(y). Give m(0).
-4
Let o(d) be the second derivative of 4*d**5/5 + d**4/6 - d**3/6 + 25*d. Calculate o(1).
17
Let k be -1*((-1 - 27) + -2 + 1). Let n = k + -32. Let r(h) = h - 2 - 3 + 2. Give r(n).
-6
Let n(d) = d**3 - 8*d**2 + 7*d + 1. Let p(o) = -o**2 + 13*o - 35. Let y be p(7). Calculate n(y).
1
Let a(s) be the first derivative of -10*s - 7 - 1/3*s**3 + 1/2*s**2. Let f = 1 - 1. Calculate a(f).
-10
Let f be ((2 + 4)/(-1))/1. Let n(p) = -37 + 88 + p + 0*p - 47 + 2*p. Give n(f).
-14
Let m(d) = -5*d**3 + 3*d**2 + 3*d. Let j be m(-1). Let a(w) = w**2 - 7*w + 5. Calculate a(j).
-5
Let m(l) = -l**3 + 1. Let y(g) = -8*g**3 + 2*g**2 - 2*g + 3. Let p(c) = 5*m(c) - y(c). Give p(-2).
-34
Let q(s) be the second derivative of s**4/12 + s**3/2 - 3*s**2/2 + 12*s. Give q(-5).
7
Let c(x) = -x + 2. Let s = -37 + 25. Let o = s + 15. Suppose -2*p = -k + 4, 7*k - 3*k + o*p - 16 = 0. Calculate c(k).
-2
Let n(u) = -13*u - 7. Let w(j) = 6*j + 3. Let o(a) = -2*n(a) - 5*w(a). Give o(-4).
15
Suppose -2*v = -5*s - 164, 0 =